{"id":217,"date":"2019-07-18T06:47:39","date_gmt":"2019-07-18T06:47:39","guid":{"rendered":"https:\/\/atg.ba\/?page_id=217"},"modified":"2026-02-06T11:33:34","modified_gmt":"2026-02-06T11:33:34","slug":"polypiu","status":"publish","type":"page","link":"https:\/\/atg.ba\/?page_id=217","title":{"rendered":"POLIKARBONATI"},"content":{"rendered":"\n<figure class=\"wp-block-image size-large\"><img loading=\"lazy\" decoding=\"async\" width=\"1024\" height=\"233\" src=\"https:\/\/atg.ba\/wp-content\/uploads\/2026\/02\/Group-2-1024x233.png\" alt=\"\" class=\"wp-image-997\" srcset=\"https:\/\/atg.ba\/wp-content\/uploads\/2026\/02\/Group-2-1024x233.png 1024w, https:\/\/atg.ba\/wp-content\/uploads\/2026\/02\/Group-2-300x68.png 300w, https:\/\/atg.ba\/wp-content\/uploads\/2026\/02\/Group-2-768x175.png 768w, https:\/\/atg.ba\/wp-content\/uploads\/2026\/02\/Group-2-1536x350.png 1536w, https:\/\/atg.ba\/wp-content\/uploads\/2026\/02\/Group-2.png 1800w\" sizes=\"auto, (max-width: 706px) 89vw, (max-width: 767px) 82vw, 740px\" \/><\/figure>\n\n\n\n<p>Polikarbonatne plo\u010de i sistemi<\/p>\n\n\n\n<figure class=\"wp-block-image size-large\"><img loading=\"lazy\" decoding=\"async\" width=\"1024\" height=\"596\" src=\"https:\/\/atg.ba\/wp-content\/uploads\/2023\/01\/PolyPiU-1-1024x596.jpg\" alt=\"\" class=\"wp-image-868\" srcset=\"https:\/\/atg.ba\/wp-content\/uploads\/2023\/01\/PolyPiU-1-1024x596.jpg 1024w, https:\/\/atg.ba\/wp-content\/uploads\/2023\/01\/PolyPiU-1-300x174.jpg 300w, https:\/\/atg.ba\/wp-content\/uploads\/2023\/01\/PolyPiU-1-768x447.jpg 768w, https:\/\/atg.ba\/wp-content\/uploads\/2023\/01\/PolyPiU-1-1536x893.jpg 1536w, https:\/\/atg.ba\/wp-content\/uploads\/2023\/01\/PolyPiU-1.jpg 1592w\" sizes=\"auto, (max-width: 706px) 89vw, (max-width: 767px) 82vw, 740px\" \/><\/figure>\n\n\n\n<hr class=\"wp-block-separator has-css-opacity is-style-wide\"\/>\n\n\n\n<p class=\"has-large-font-size\"><strong>GrecaPIU<\/strong><\/p>\n\n\n\n<figure class=\"wp-block-image size-large\"><img loading=\"lazy\" decoding=\"async\" width=\"1024\" height=\"826\" src=\"https:\/\/atg.ba\/wp-content\/uploads\/2020\/11\/GrecaPIU-1024x826.png\" alt=\"\" class=\"wp-image-750\" style=\"object-fit:cover\" srcset=\"https:\/\/atg.ba\/wp-content\/uploads\/2020\/11\/GrecaPIU-1024x826.png 1024w, https:\/\/atg.ba\/wp-content\/uploads\/2020\/11\/GrecaPIU-300x242.png 300w, https:\/\/atg.ba\/wp-content\/uploads\/2020\/11\/GrecaPIU-768x620.png 768w, https:\/\/atg.ba\/wp-content\/uploads\/2020\/11\/GrecaPIU.png 1221w\" sizes=\"auto, (max-width: 706px) 89vw, (max-width: 767px) 82vw, 740px\" \/><\/figure>\n\n\n\n<p>Valovite polikarbonatne plo\u010de izra\u0111uju se u razli\u010ditim tipovima visine trapeza i debljine:&nbsp;&nbsp;<br>40\/8 mm&nbsp;&#8211; 40\/10 mm&nbsp;&#8211; 40\/16 mm&nbsp;&#8211; 80\/12 mm&nbsp;&#8211; 86\/16 mm &#8211; 90\/20 mm plo\u010de su modularne \u0161irine 1.000mm.<br>GrecaPI\u00d9&nbsp;&nbsp;je proizvod stvoren za realizaciju krovnih svjetlarnika u pojedina\u010dnoj primjeni i za kontinuirane ravne krovove u vi\u0161estrukim primjenama, zahvaljuju\u0107i preklapanju po du\u017eini i bo\u010dnom preklapanju. Idealan za krovne svjetlarnike,&nbsp;prednost je lako\u0107a i ekonomi\u010dnost ugradnje.<\/p>\n\n\n\n<div class=\"wp-block-file\"><a id=\"wp-block-file--media-2dd5d3f8-aa0c-47b8-a6eb-ffda9102b9f9\" href=\"https:\/\/atg.ba\/wp-content\/uploads\/2019\/07\/Greca-5G-H40.pdf\">Greca-5G-H40<\/a><a href=\"https:\/\/atg.ba\/wp-content\/uploads\/2019\/07\/Greca-5G-H40.pdf\" class=\"wp-block-file__button wp-element-button\" download aria-describedby=\"wp-block-file--media-2dd5d3f8-aa0c-47b8-a6eb-ffda9102b9f9\">Preuzmi<\/a><\/div>\n\n\n\n<div class=\"wp-block-file\"><a id=\"wp-block-file--media-cbbcc514-0cf2-42f2-aa99-ffb93cd350d2\" href=\"https:\/\/atg.ba\/wp-content\/uploads\/2019\/07\/Greca-5G-H75.pdf\">Greca-5G-H75<\/a><a href=\"https:\/\/atg.ba\/wp-content\/uploads\/2019\/07\/Greca-5G-H75.pdf\" class=\"wp-block-file__button wp-element-button\" download aria-describedby=\"wp-block-file--media-cbbcc514-0cf2-42f2-aa99-ffb93cd350d2\">Preuzmi<\/a><\/div>\n\n\n\n<div class=\"wp-block-file\"><a id=\"wp-block-file--media-7ac09948-e2ba-409a-816d-f23567e1445a\" href=\"https:\/\/atg.ba\/wp-content\/uploads\/2019\/07\/Greca-6G.pdf\">Greca-6G<\/a><a href=\"https:\/\/atg.ba\/wp-content\/uploads\/2019\/07\/Greca-6G.pdf\" class=\"wp-block-file__button wp-element-button\" download aria-describedby=\"wp-block-file--media-7ac09948-e2ba-409a-816d-f23567e1445a\">Preuzmi<\/a><\/div>\n\n\n\n<hr class=\"wp-block-separator has-css-opacity is-style-wide\"\/>\n\n\n\n<p class=\"has-large-font-size\"><strong>GP<\/strong><\/p>\n\n\n\n<figure class=\"wp-block-image size-large\"><img loading=\"lazy\" decoding=\"async\" width=\"1024\" height=\"235\" src=\"https:\/\/atg.ba\/wp-content\/uploads\/2020\/11\/GP-1024x235.png\" alt=\"\" class=\"wp-image-753\" style=\"object-fit:cover\" srcset=\"https:\/\/atg.ba\/wp-content\/uploads\/2020\/11\/GP-1024x235.png 1024w, https:\/\/atg.ba\/wp-content\/uploads\/2020\/11\/GP-300x69.png 300w, https:\/\/atg.ba\/wp-content\/uploads\/2020\/11\/GP-768x177.png 768w, https:\/\/atg.ba\/wp-content\/uploads\/2020\/11\/GP.png 1522w\" sizes=\"auto, (max-width: 706px) 89vw, (max-width: 767px) 82vw, 740px\" \/><\/figure>\n\n\n\n<p>Krovne polikarbonatne plo\u010de proizvode se u debljini: 20mm, 25mm, 30mm ili 40mm sa 6-zidnom strukturom, modularne \u0161irine 1.000mm.<br>GP je proizvod stvoren za realizaciju&nbsp;valovitih krovnih svjetlarnika, u pojedina\u010dnoj primjeni, zahvaljuju\u0107i popre\u010dnom preklapanju bo\u010dnih valovitih plo\u010da idealno se kombiniraju sa krovnim panelima.<\/p>\n\n\n\n<div class=\"wp-block-file\"><a id=\"wp-block-file--media-a43e99fb-ea85-4dfb-8736-1f1e5462a3c1\" href=\"https:\/\/atg.ba\/wp-content\/uploads\/2019\/07\/GP-20-25.pdf\">GP-20-25<\/a><a href=\"https:\/\/atg.ba\/wp-content\/uploads\/2019\/07\/GP-20-25.pdf\" class=\"wp-block-file__button wp-element-button\" download aria-describedby=\"wp-block-file--media-a43e99fb-ea85-4dfb-8736-1f1e5462a3c1\">Preuzmi<\/a><\/div>\n\n\n\n<div class=\"wp-block-file\"><a id=\"wp-block-file--media-36ed9d3b-b549-4808-8f38-f0356b161473\" href=\"https:\/\/atg.ba\/wp-content\/uploads\/2019\/07\/GP-30-40.pdf\">GP-30-40<\/a><a href=\"https:\/\/atg.ba\/wp-content\/uploads\/2019\/07\/GP-30-40.pdf\" class=\"wp-block-file__button wp-element-button\" download aria-describedby=\"wp-block-file--media-36ed9d3b-b549-4808-8f38-f0356b161473\">Preuzmi<\/a><\/div>\n\n\n\n<hr class=\"wp-block-separator has-css-opacity is-style-wide\"\/>\n\n\n\n<p class=\"has-large-font-size\"><strong>SmartPIU<\/strong><\/p>\n\n\n\n<figure class=\"wp-block-image size-large\"><img loading=\"lazy\" decoding=\"async\" width=\"1024\" height=\"748\" src=\"https:\/\/atg.ba\/wp-content\/uploads\/2020\/11\/SmartPiU-1024x748.png\" alt=\"\" class=\"wp-image-755\" style=\"object-fit:cover\" srcset=\"https:\/\/atg.ba\/wp-content\/uploads\/2020\/11\/SmartPiU-1024x748.png 1024w, https:\/\/atg.ba\/wp-content\/uploads\/2020\/11\/SmartPiU-300x219.png 300w, https:\/\/atg.ba\/wp-content\/uploads\/2020\/11\/SmartPiU-768x561.png 768w, https:\/\/atg.ba\/wp-content\/uploads\/2020\/11\/SmartPiU-370x270.png 370w, https:\/\/atg.ba\/wp-content\/uploads\/2020\/11\/SmartPiU.png 1178w\" sizes=\"auto, (max-width: 706px) 89vw, (max-width: 767px) 82vw, 740px\" \/><\/figure>\n\n\n\n<p>Proizvod \u010dija se posebnost sastoji u mogu\u0107nosti ekstrudiranja plo\u010da u razli\u010ditim oblicima i veli\u010dinama, ravnim ili zakrivljenim, u valovitom, zaobljenom obliku i u razli\u010ditim bojama, postoji \u0161iroka lepeza profila za sve ve\u0107e proizvo\u0111a\u010de krovnih panela i trapeznih limova na tr\u017ei\u0161tu.<br>Debljina \u0107elijskog polikarbonata je 2,5 mm i omogu\u0107uje&nbsp;visoku raznovrsnost u preklapanjima, dok njezina struktura s \u0107elijama nudi&nbsp;bolju toplinsku izolaciju,&nbsp;smanjenje kondenzacije,&nbsp;ve\u0107u nosivost u&nbsp;usporedbi s proizvodima s jednim zidom kao \u0161to su stakloplastike ili kompaktne polikarbonatne plo\u010de, ima visoku otpornosti na udar.<br>Ovo je odli\u010dan proizvod jer kombinira kvalitetu i estetiku sa znatnim prednostima u pogledu tro\u0161kova zahvaljuju\u0107i jednostavnosti ugradnje.<\/p>\n\n\n\n<div class=\"wp-block-file\"><a id=\"wp-block-file--media-93c4024f-e225-4a86-b994-9e7f44242473\" href=\"https:\/\/atg.ba\/wp-content\/uploads\/2019\/07\/SmartPIU.pdf\">SmartPIU<\/a><a href=\"https:\/\/atg.ba\/wp-content\/uploads\/2019\/07\/SmartPIU.pdf\" class=\"wp-block-file__button wp-element-button\" download aria-describedby=\"wp-block-file--media-93c4024f-e225-4a86-b994-9e7f44242473\">Preuzmi<\/a><\/div>\n\n\n\n<hr class=\"wp-block-separator has-css-opacity is-style-wide\"\/>\n\n\n\n<p class=\"has-large-font-size\"><strong>OndaPIU<\/strong><\/p>\n\n\n\n<figure class=\"wp-block-image size-large\"><img loading=\"lazy\" decoding=\"async\" width=\"1024\" height=\"716\" src=\"https:\/\/atg.ba\/wp-content\/uploads\/2020\/11\/OndaPiU-1024x716.png\" alt=\"\" class=\"wp-image-757\" style=\"object-fit:cover\" srcset=\"https:\/\/atg.ba\/wp-content\/uploads\/2020\/11\/OndaPiU-1024x716.png 1024w, https:\/\/atg.ba\/wp-content\/uploads\/2020\/11\/OndaPiU-300x210.png 300w, https:\/\/atg.ba\/wp-content\/uploads\/2020\/11\/OndaPiU-768x537.png 768w, https:\/\/atg.ba\/wp-content\/uploads\/2020\/11\/OndaPiU.png 1291w\" sizes=\"auto, (max-width: 706px) 89vw, (max-width: 767px) 82vw, 740px\" \/><\/figure>\n\n\n\n<p>Dvostjena \u0107elijska polikarbonatna plo\u010da&nbsp;, izra\u0111ena s homogenim i nepromjenjivim radiusom valova prema europskim standardima (EURO 177\/51 mm).<br>OndaPI\u00d9&nbsp;polikarbonatna&nbsp;plo\u010da&nbsp;ekstrudirana je sa sedam kompletnih valova kako bi se osigurala bolje brtvljenje u bo\u010dnim i popre\u010dnim preklopima u krovnim svjetlarnicima i ravnim krovovima te kako bi se omogu\u0107ila savr\u0161ena bo\u010dna prilagodljivost s valovitim limovima, koji se&nbsp;uobi\u010dajeno koriste u krovovima i fasadama.<\/p>\n\n\n\n<div class=\"wp-block-file\"><a id=\"wp-block-file--media-139be22f-b3af-4bae-af30-10d76f7219b8\" href=\"https:\/\/atg.ba\/wp-content\/uploads\/2019\/07\/OndaPIU.pdf\">OndaPIU<\/a><a href=\"https:\/\/atg.ba\/wp-content\/uploads\/2019\/07\/OndaPIU.pdf\" class=\"wp-block-file__button wp-element-button\" download aria-describedby=\"wp-block-file--media-139be22f-b3af-4bae-af30-10d76f7219b8\">Preuzmi<\/a><\/div>\n\n\n\n<hr class=\"wp-block-separator has-css-opacity is-style-wide\"\/>\n\n\n\n<p class=\"has-large-font-size\"><strong>PanelPIU<\/strong><\/p>\n\n\n\n<figure class=\"wp-block-image size-full\"><img loading=\"lazy\" decoding=\"async\" width=\"902\" height=\"641\" src=\"https:\/\/atg.ba\/wp-content\/uploads\/2020\/11\/PanelPIU-500.png\" alt=\"\" class=\"wp-image-733\" style=\"object-fit:cover\" srcset=\"https:\/\/atg.ba\/wp-content\/uploads\/2020\/11\/PanelPIU-500.png 902w, https:\/\/atg.ba\/wp-content\/uploads\/2020\/11\/PanelPIU-500-300x213.png 300w, https:\/\/atg.ba\/wp-content\/uploads\/2020\/11\/PanelPIU-500-768x546.png 768w\" sizes=\"auto, (max-width: 706px) 89vw, (max-width: 767px) 82vw, 740px\" \/><\/figure>\n\n\n\n<p>PanelPIU je polikarbonatni modularni prozorski sistem ekstrudiran u razli\u010ditim debljinama 16, 20, 25, 40 4P i 40 XX strukture, idealan za izgradnju industrijskih vertikalnih ostakljenja i prozora, ima izvrsne termi\u010dke karakteristike, svjetlopropusnost, dug vijek trajanja, UV rezidentnost, u kombinaciji sa aluminijskim okvirom i kona\u010dnu vrlo povoljnu cijenu za industrijske prozore. Moduli industrijskih prozora mogu biti fiksni ili otvaraju\u0107i sa manuelnim ili el.motornim otvaranjem. Tako\u0111er za velika toplotna optere\u0107enja nosive aluminijske profile je mogu\u0107e isporu\u010diti sa prekidom termi\u010dkog mosta.<\/p>\n\n\n\n<div class=\"wp-block-file\"><a id=\"wp-block-file--media-22c8c0f2-caf4-47e7-9346-6e4e9fe42f0c\" href=\"https:\/\/atg.ba\/wp-content\/uploads\/2020\/11\/ST-PA01-Panel-500_16-20-25-eng.pdf\">PanelPIU 16, 20, 25mm<\/a><a href=\"https:\/\/atg.ba\/wp-content\/uploads\/2020\/11\/ST-PA01-Panel-500_16-20-25-eng.pdf\" class=\"wp-block-file__button wp-element-button\" download aria-describedby=\"wp-block-file--media-22c8c0f2-caf4-47e7-9346-6e4e9fe42f0c\">Preuzmi<\/a><\/div>\n\n\n\n<div class=\"wp-block-file\"><a id=\"wp-block-file--media-61e08334-d45a-4c5f-b57d-ce4223f96c60\" href=\"https:\/\/atg.ba\/wp-content\/uploads\/2020\/11\/ST-PA02-Panel-500_40-eng.pdf\">PanelPIU 40mm<\/a><a href=\"https:\/\/atg.ba\/wp-content\/uploads\/2020\/11\/ST-PA02-Panel-500_40-eng.pdf\" class=\"wp-block-file__button wp-element-button\" download aria-describedby=\"wp-block-file--media-61e08334-d45a-4c5f-b57d-ce4223f96c60\">Preuzmi<\/a><\/div>\n\n\n\n<hr class=\"wp-block-separator has-css-opacity is-style-wide\"\/>\n\n\n\n<p class=\"has-large-font-size\"><strong>IperValario<\/strong><\/p>\n\n\n\n<figure class=\"wp-block-image size-full\"><img loading=\"lazy\" decoding=\"async\" width=\"935\" height=\"797\" src=\"https:\/\/atg.ba\/wp-content\/uploads\/2020\/11\/IperVelario.png\" alt=\"\" class=\"wp-image-780\" style=\"object-fit:cover\" srcset=\"https:\/\/atg.ba\/wp-content\/uploads\/2020\/11\/IperVelario.png 935w, https:\/\/atg.ba\/wp-content\/uploads\/2020\/11\/IperVelario-300x256.png 300w, https:\/\/atg.ba\/wp-content\/uploads\/2020\/11\/IperVelario-768x655.png 768w\" sizes=\"auto, (max-width: 706px) 89vw, (max-width: 767px) 82vw, 740px\" \/><\/figure>\n\n\n\n<p>IperValario je modularni sistem posebno dizajniran za realizaciju izolacijskih stropnih svjetlarnika u kombinaciji sa trapezoidnim plo\u010dama GrecaPIU za iznimno toplotno optere\u0107ene objekte. Spojni elementi su posebno dizajnirani za uklapanje u kanale na krovnim sendvi\u010d panelima, tako da se iz unutra dobije izvrstan estetski izgled.<\/p>\n\n\n\n<div class=\"wp-block-file\"><a id=\"wp-block-file--media-6307f25d-de2c-45f3-bf08-b2b1515ce505\" href=\"https:\/\/atg.ba\/wp-content\/uploads\/2020\/11\/Ipervelario-Sendvic-panel.pdf\">IperValario SENDVI\u010c PANEL<\/a><a href=\"https:\/\/atg.ba\/wp-content\/uploads\/2020\/11\/Ipervelario-Sendvic-panel.pdf\" class=\"wp-block-file__button wp-element-button\" download aria-describedby=\"wp-block-file--media-6307f25d-de2c-45f3-bf08-b2b1515ce505\">Preuzmi<\/a><\/div>\n\n\n\n<div class=\"wp-block-file\"><a id=\"wp-block-file--media-84692c60-65cd-4666-b70c-a5846cd435f6\" href=\"https:\/\/atg.ba\/wp-content\/uploads\/2020\/11\/Ipervelario-Stropni-sistem.pdf\">IperVelario STROP<\/a><a href=\"https:\/\/atg.ba\/wp-content\/uploads\/2020\/11\/Ipervelario-Stropni-sistem.pdf\" class=\"wp-block-file__button wp-element-button\" download aria-describedby=\"wp-block-file--media-84692c60-65cd-4666-b70c-a5846cd435f6\">Preuzmi<\/a><\/div>\n\n\n\n<p><\/p>\n","protected":false},"excerpt":{"rendered":"<p>Polikarbonatne plo\u010de i sistemi GrecaPIU Valovite polikarbonatne plo\u010de izra\u0111uju se u razli\u010ditim tipovima visine trapeza i debljine:&nbsp;&nbsp;40\/8 mm&nbsp;&#8211; 40\/10 mm&nbsp;&#8211; 40\/16 mm&nbsp;&#8211; 80\/12 mm&nbsp;&#8211; 86\/16 mm &#8211; 90\/20 mm plo\u010de su modularne \u0161irine 1.000mm.GrecaPI\u00d9&nbsp;&nbsp;je proizvod stvoren za realizaciju krovnih svjetlarnika u pojedina\u010dnoj primjeni i za kontinuirane ravne krovove u vi\u0161estrukim primjenama, zahvaljuju\u0107i preklapanju po du\u017eini &hellip; <\/p>\n<p class=\"link-more\"><a href=\"https:\/\/atg.ba\/?page_id=217\" class=\"more-link\">Nastavi \u010ditati<span class=\"screen-reader-text\"> &#8220;POLIKARBONATI&#8221;<\/span><\/a><\/p>\n","protected":false},"author":1,"featured_media":0,"parent":0,"menu_order":0,"comment_status":"closed","ping_status":"closed","template":"","meta":{"ngg_post_thumbnail":0,"footnotes":""},"class_list":["post-217","page","type-page","status-publish","hentry"],"_links":{"self":[{"href":"https:\/\/atg.ba\/index.php?rest_route=\/wp\/v2\/pages\/217","targetHints":{"allow":["GET"]}}],"collection":[{"href":"https:\/\/atg.ba\/index.php?rest_route=\/wp\/v2\/pages"}],"about":[{"href":"https:\/\/atg.ba\/index.php?rest_route=\/wp\/v2\/types\/page"}],"author":[{"embeddable":true,"href":"https:\/\/atg.ba\/index.php?rest_route=\/wp\/v2\/users\/1"}],"replies":[{"embeddable":true,"href":"https:\/\/atg.ba\/index.php?rest_route=%2Fwp%2Fv2%2Fcomments&post=217"}],"version-history":[{"count":52,"href":"https:\/\/atg.ba\/index.php?rest_route=\/wp\/v2\/pages\/217\/revisions"}],"predecessor-version":[{"id":1028,"href":"https:\/\/atg.ba\/index.php?rest_route=\/wp\/v2\/pages\/217\/revisions\/1028"}],"wp:attachment":[{"href":"https:\/\/atg.ba\/index.php?rest_route=%2Fwp%2Fv2%2Fmedia&parent=217"}],"curies":[{"name":"wp","href":"https:\/\/api.w.org\/{rel}","templated":true}]}}